vided by 360?
26
What is the remainder when 3164 is divided by 611?
109
What is the remainder when 10558 is divided by 402?
106
What is the remainder when 1810572 is divided by 1049?
1047
What is the remainder when 5646 is divided by 1211?
802
Calculate the remainder when 2284 is divided by 383.
369
What is the remainder when 176847 is divided by 45?
42
Calculate the remainder when 3553 is divided by 1105.
238
Calculate the remainder when 7877 is divided by 1574.
7
Calculate the remainder when 3569 is divided by 711.
14
What is the remainder when 143319 is divided by 37?
18
Calculate the remainder when 192097 is divided by 100.
97
Calculate the remainder when 1168 is divided by 16.
0
Calculate the remainder when 156780 is divided by 11.
8
What is the remainder when 19546 is divided by 2790?
16
What is the remainder when 3388 is divided by 232?
140
What is the remainder when 2319 is divided by 58?
57
Calculate the remainder when 188886 is divided by 6.
0
Calculate the remainder when 261721 is divided by 475.
471
What is the remainder when 97836 is divided by 3494?
4
What is the remainder when 33169 is divided by 194?
189
What is the remainder when 38335 is divided by 661?
658
What is the remainder when 105912 is divided by 139?
133
What is the remainder when 22034 is divided by 190?
184
What is the remainder when 179218 is divided by 87?
85
What is the remainder when 231927 is divided by 24?
15
What is the remainder when 569437 is divided by 37962?
7
What is the remainder when 133254 is divided by 129?
126
Calculate the remainder when 70976 is divided by 85.
1
Calculate the remainder when 309 is divided by 115.
79
What is the remainder when 1810619 is divided by 63?
62
Calculate the remainder when 1146 is divided by 1111.
35
Calculate the remainder when 1337 is divided by 37.
5
What is the remainder when 7090 is divided by 104?
18
What is the remainder when 83282 is divided by 1343?
16
What is the remainder when 38316 is divided by 18?
12
What is the remainder when 48311 is divided by 185?
26
Calculate the remainder when 7342 is divided by 25.
17
Calculate the remainder when 29369 is divided by 89.
88
Calculate the remainder when 198273 is divided by 356.
337
What is the remainder when 69701 is divided by 45?
41
Calculate the remainder when 71499 is divided by 851.
15
Calculate the remainder when 687608 is divided by 11272.
16
What is the remainder when 2565 is divided by 2098?
467
Calculate the remainder when 43699 is divided by 72.
67
What is the remainder when 3019 is divided by 282?
199
Calculate the remainder when 285035 is divided by 95007.
14
Calculate the remainder when 100745 is divided by 87.
86
What is the remainder when 1304 is divided by 576?
152
Calculate the remainder when 34535 is divided by 5752.
23
Calculate the remainder when 241413 is divided by 24.
21
Calculate the remainder when 682528 is divided by 559.
548
What is the remainder when 343162 is divided by 639?
19
What is the remainder when 3926 is divided by 8?
6
What is the remainder when 28649 is divided by 181?
51
Calculate the remainder when 1307 is divided by 17.
15
Calculate the remainder when 170206 is divided by 591.
589
Calculate the remainder when 9614 is divided by 25.
14
Calculate the remainder when 353945 is divided by 117955.
80
Calculate the remainder when 69353 is divided by 1020.
1013
Calculate the remainder when 368475 is divided by 1004.
7
What is the remainder when 77567 is divided by 404?
403
Calculate the remainder when 4736 is divided by 528.
512
Calculate the remainder when 4330 is divided by 1082.
2
Calculate the remainder when 125191 is divided by 3576.
31
What is the remainder when 1287936 is divided by 7488?
0
Calculate the remainder when 467 is divided by 451.
16
Calculate the remainder when 7921 is divided by 1125.
46
What is the remainder when 42604 is divided by 212?
204
What is the remainder when 15649 is divided by 20?
9
Calculate the remainder when 901932 is divided by 178.
6
Calculate the remainder when 70753 is divided by 158.
127
What is the remainder when 2261 is divided by 149?
26
What is the remainder when 37365 is divided by 7?
6
Calculate the remainder when 35730 is divided by 116.
2
What is the remainder when 7694 is divided by 248?
6
What is the remainder when 18865 is divided by 249?
190
Calculate the remainder when 641 is divided by 70.
11
What is the remainder when 1518970 is divided by 749?
747
Calculate the remainder when 111455 is divided by 37138.
41
What is the remainder when 263804 is divided by 263799?
5
What is the remainder when 3428 is divided by 39?
35
Calculate the remainder when 2989 is divided by 937.
178
What is the remainder when 69278 is divided by 381?
317
What is the remainder when 16328 is divided by 1814?
2
Calculate the remainder when 43468 is divided by 62.
6
Calculate the remainder when 7010 is divided by 48.
2
What is the remainder when 2798 is divided by 718?
644
What is the remainder when 12726 is divided by 4232?
30
What is the remainder when 34819 is divided by 151?
89
Calculate the remainder when 697 is divided by 278.
141
What is the remainder when 77377 is divided by 1442?
951
What is the remainder when 15420 is divided by 85?
35
What is the remainder when 336991 is divided by 19822?
17
Calculate the remainder when 5328 is divided by 200.
128
What is the remainder when 1100 is divided by 223?
208
What is the remainder when 1574099 is divided by 636?
635
Calculate the remainder when 18443 is divided by 6142.
17
Calculate the remainder when 6468 is divided by 37.
30
Calculate the remainder when 131870 is divided by 5994.
2
What is the remainder when 6840564 is divided by 113?
109
Calculate the remainder when 24026 is divided by 4724.
406
What is the remainder when 344716 is divided by 18?
16
What is the remainder when 29718 is divided by 1981?
3
Calculate the remainder when 3500767 is divided by 22.
17
Calculate the remainder when 263517 is divided by 65861.
73
Calculate the remainder when 2762 is divided by 505.
237
Calculate the remainder when 8211 is divided by 256.
19
What is the remainder when 10664 is divided by 460?
84
Calculate the remainder when 6109 is divided by 264.
37
Calculate the remainder when 779977 is divided by 236.
233
What is the remainder when 1944 is divided by 439?
188
What is the remainder when 2178 is divided by 45?
18
What is the remainder when 7596 is divided by 131?
129
Calculate the remainder when 2184 is divided by 568.
480
Calculate the remainder when 1394 is divided by 263.
79
Calculate the remainder when 123094 is divided by 341.
334
Calculate the remainder when 13003 is divided by 271.
266
What is the remainder when 6341 is divided by 493?
425
Calculate the remainder when 51515 is divided by 17164.
23
Calculate the remainder when 69027 is divided by 45.
42
Calculate the remainder when 762 is divided by 398.
364
Calculate the remainder when 229322 is divided by 7.
2
What is the remainder when 20221 is divided by 220?
201
What is the remainder when 492232 is divided by 396?
4
What is the remainder when 1234308 is divided by 1108?
1104
Calculate the remainder when 6324 is divided by 57.
54
Calculate the remainder when 566 is divided by 88.
38
What is the remainder when 376934 is divided by 621?
608
What is the remainder when 15820 is divided by 15820?
0
Calculate the remainder when 893 is divided by 376.
141
Calculate the remainder when 166641 is divided by 128.
113
Calculate the remainder when 732996 is divided by 14096.
4
What is the remainder when 17069 is divided by 10?
9
What is the remainder when 15239 is divided by 77?
70
What is the remainder when 80402 is divided by 731?
723
Calculate the remainder when 109810 is divided by 12200.
10
Calculate the remainder when 185953 is divided by 805.
803
Calculate the remainder when 78800 is divided by 15758.
10
What is the remainder when 18610 is divided by 96?
82
What is the remainder when 8387 is divided by 7?
1
Calculate the remainder when 485524 is divided by 140.
4
What is the remainder when 27453 is divided by 584?
5
Calculate the remainder when 98300 is divided by 43.
2
Calculate the remainder when 2964 is divided by 51.
6
What is the remainder when 573505 is divided by 297?
295
Calculate the remainder whe